{"id":142,"date":"2014-07-14T14:42:28","date_gmt":"2014-07-14T14:42:28","guid":{"rendered":"http:\/\/giselafernandez.es\/wordpress\/?page_id=142"},"modified":"2025-04-24T10:26:52","modified_gmt":"2025-04-24T10:26:52","slug":"politica-de-privacidad","status":"publish","type":"page","link":"https:\/\/giselafernandez.es\/wordpress\/politica-de-privacidad\/","title":{"rendered":"POL\u00cdTICA DE PRIVACIDAD"},"content":{"rendered":"<div id=\"post-2102\" class=\"post\">\n<div class=\"entry\">\n<p><strong>Pol\u00edtica de privacidad<\/strong><br \/>\nEn cumplimiento de lo establecido en la Ley Org\u00e1nica 15\/1999, de 13 de diciembre, de Protecci\u00f3n de Datos de Car\u00e1cter Personal, le informamos que los datos personales que nos facilite mediante la cumplimentaci\u00f3n de este formulario pasar\u00e1n a formar parte de un fichero propiedad de Gisela Fern\u00e1ndez. Y se utilizar\u00e1n para el tratamiento de su consulta. Asimismo, como para el env\u00edo de informaci\u00f3n (por correo ordinario o por canales electr\u00f3nicos) relativa a productos y servicios que el centro de formaci\u00f3n Tr\u00e9bol, presta actualmente o decida prestar en un futuro. Puede ejercer sus derechos de acceso, rectificaci\u00f3n, cancelaci\u00f3n y oposici\u00f3n.<\/p>\n<p><strong>Uso de Cookies<\/strong><\/p>\n<p>Utilizamos las cookies de estado de la sesi\u00f3n para recopilar informaci\u00f3n sobre la forma en la que los usuarios interact\u00faan con la web y&nbsp;poder mejorar la experiencia de navegaci\u00f3n.&nbsp;Esta informaci\u00f3n incluye las p\u00e1ginas que los usuarios visitan con mayor frecuencia y si los usuarios reciben mensajes de error de determinadas p\u00e1ginas.&nbsp;Si estas cookies se bloquean o se eliminan, el sitio web seguir\u00e1 funcionando.<\/p>\n<p>Tambi\u00e9n utilizamos las Cookies de Google Analytics&nbsp;para recopilar informaci\u00f3n y generar las estad\u00edsticas de uso de la web sin identificar a los visitantes.<\/p>\n<\/div>\n<\/div>\n","protected":false},"excerpt":{"rendered":"<p>Pol\u00edtica de privacidad En cumplimiento de lo establecido en la Ley Org\u00e1nica 15\/1999, de 13 de diciembre, de Protecci\u00f3n de Datos de Car\u00e1cter Personal, le informamos que los datos personales que nos facilite mediante la cumplimentaci\u00f3n de este formulario pasar\u00e1n a formar parte de un fichero propiedad de Gisela Fern\u00e1ndez.\u2026 <a class=\"continue-reading-link\" href=\"https:\/\/giselafernandez.es\/wordpress\/politica-de-privacidad\/\">Continue reading<\/a><\/p>\n","protected":false},"author":1,"featured_media":0,"parent":0,"menu_order":0,"comment_status":"open","ping_status":"open","template":"","meta":{"ngg_post_thumbnail":0,"jetpack_post_was_ever_published":false,"footnotes":""},"class_list":["post-142","page","type-page","status-publish","hentry"],"aioseo_notices":[],"jetpack_sharing_enabled":true,"jetpack_shortlink":"https:\/\/wp.me\/P82I4X-2i","_links":{"self":[{"href":"https:\/\/giselafernandez.es\/wordpress\/wp-json\/wp\/v2\/pages\/142","targetHints":{"allow":["GET"]}}],"collection":[{"href":"https:\/\/giselafernandez.es\/wordpress\/wp-json\/wp\/v2\/pages"}],"about":[{"href":"https:\/\/giselafernandez.es\/wordpress\/wp-json\/wp\/v2\/types\/page"}],"author":[{"embeddable":true,"href":"https:\/\/giselafernandez.es\/wordpress\/wp-json\/wp\/v2\/users\/1"}],"replies":[{"embeddable":true,"href":"https:\/\/giselafernandez.es\/wordpress\/wp-json\/wp\/v2\/comments?post=142"}],"version-history":[{"count":11,"href":"https:\/\/giselafernandez.es\/wordpress\/wp-json\/wp\/v2\/pages\/142\/revisions"}],"predecessor-version":[{"id":3465,"href":"https:\/\/giselafernandez.es\/wordpress\/wp-json\/wp\/v2\/pages\/142\/revisions\/3465"}],"wp:attachment":[{"href":"https:\/\/giselafernandez.es\/wordpress\/wp-json\/wp\/v2\/media?parent=142"}],"curies":[{"name":"wp","href":"https:\/\/api.w.org\/{rel}","templated":true}]}}

POLÍTICA DE PRIVACIDAD

<div id="post-2102" class="post">
<div class="entry">
<p><strong>Política de privacidad</strong><br />
En cumplimiento de lo establecido en la Ley Orgánica 15/1999, de 13 de diciembre, de Protección de Datos de Carácter Personal, le informamos que los datos personales que nos facilite mediante la cumplimentación de este formulario pasarán a formar parte de un fichero propiedad de Gisela Fernández. Y se utilizarán para el tratamiento de su consulta. Asimismo, como para el envío de información (por correo ordinario o por canales electrónicos) relativa a productos y servicios que el centro de formación Trébol, presta actualmente o decida prestar en un futuro. Puede ejercer sus derechos de acceso, rectificación, cancelación y oposición.</p>
<p><strong>Uso de Cookies</strong></p>
<p>Utilizamos las cookies de estado de la sesión para recopilar información sobre la forma en la que los usuarios interactúan con la web y&nbsp;poder mejorar la experiencia de navegación.&nbsp;Esta información incluye las páginas que los usuarios visitan con mayor frecuencia y si los usuarios reciben mensajes de error de determinadas páginas.&nbsp;Si estas cookies se bloquean o se eliminan, el sitio web seguirá funcionando.</p>
<p>También utilizamos las Cookies de Google Analytics&nbsp;para recopilar información y generar las estadísticas de uso de la web sin identificar a los visitantes.</p>
</div>
</div>

<p>Política de privacidad En cumplimiento de lo establecido en la Ley Orgánica 15/1999, de 13 de diciembre, de Protección de Datos de Carácter Personal, le informamos que los datos personales que nos facilite mediante la cumplimentación de este formulario pasarán a formar parte de un fichero propiedad de Gisela Fernández.… <a class="continue-reading-link" href="https://giselafernandez.es/wordpress/politica-de-privacidad/">Continue reading</a></p>
